 - 2960. Let i be ((-1)/(-2))/((-13)/y). What is the greatest common divisor of i and 513?
57
Suppose -a + 20 = -5*a, t - 45 = -3*a. Let p = 400 + -364. Calculate the greatest common factor of t and p.
12
Let n be (60/(-75))/(4/(-90)). Let f = 5179 - 5098. Calculate the highest common divisor of n and f.
9
Let j be (247 - 10) + 3/(-6)*-6. Suppose -5*r - 4*p + 237 = 0, -7*p = 5*r - 2*p - j. Let b = -41 + r. Calculate the greatest common divisor of 1 and b.
1
Let s be ((-1)/2)/((-2)/16). Let m(a) be the second derivative of a**3/6 + 4*a**2 + 87*a + 2. Let b be m(s). Calculate the highest common divisor of b and 18.
6
Let b be (591 - (-5 + 9)) + -12. Calculate the highest common divisor of b and 175.
25
Let c = -21 + 15. Let u be 48 - 6/(c/(-2)). Suppose 4684 - 625 = 82*o - 3485. What is the greatest common factor of o and u?
46
Let v be 5*15/(-30)*-1450. Calculate the greatest common factor of 29 and v.
29
Let s be 20 - 16 - (1 + (-1 - 122)). Let l = -74 + s. Calculate the highest common divisor of l and 143.
13
Suppose -17*m - 51600 = -52*m + 12100. What is the highest common factor of 39 and m?
13
Let h(p) = -2*p**2 - 18*p - 8. Let i be h(-4). Suppose i*u = 39*u - 182. Calculate the greatest common divisor of u and 195.
13
Let c be 452/20 - (-3)/(-5). Suppose 43510 = -f - 5*h, -2*h - 1955 = -f - 45479. Let u be 4/18 - f/180. Calculate the greatest common factor of u and c.
22
Suppose -168*o - 84*o = -356832. Calculate the greatest common factor of 32 and o.
8
Let h = 157 + -157. Suppose 4*b + 3*j - 456 = h, 5*b - 636 + 31 = 5*j. What is the greatest common divisor of b and 13?
13
Let z = 1010 - 1005. Suppose -z = -177*s + 172*s. Suppose 2*h - 2*b = 6, -b - 4 = b. Calculate the greatest common factor of h and s.
1
Let t(j) = -j**2 - 56*j + 81. Let i be t(-19). Calculate the greatest common factor of i and 1078.
98
Let s(j) = -5119 + 5122 + 5*j - 5*j + 6*j. Suppose -3 = -r + 1. Let n be s(r). Calculate the highest common factor of n and 9.
9
Let y be 0 - (4 - (-1 + 5 - -2)). Suppose -y*o + h = -190, -h + 290 = -o + 4*o. What is the highest common divisor of 160 and o?
32
Let t = 1859 + -1230. Suppose 3*m - 16*m + 142 = -339. What is the highest common divisor of m and t?
37
Let b(l) = 111*l**2 - 158*l + 774. Let k be b(5). Calculate the highest common factor of 979 and k.
89
Suppose 0 = 3*a + 15 - 51. Let l be (a/(-12))/((-2)/(-10)). Let m be (-8)/20*l + 1. What is the greatest common divisor of m and 4?
1
Suppose 135 = -5*d - 5*a, -4*d = -3*a - 11 + 126. Let j be (d/(-8))/(2/4). Let u(o) = 32*o - 328. Let r be u(12). What is the highest common divisor of r and j?
7
Let c(k) = 5*k + 185. Let r be c(-18). Suppose 504 = r*n - 87*n. Calculate the highest common divisor of n and 18.
9
Let o be 22*5/(-10) + (-1380)/(-30). Let c = -40 + 89. What is the greatest common divisor of o and c?
7
Let h(w) = -45*w**2 + 7 + 7*w**3 + 5 + 5*w + 42*w**2 - 15. Let j be h(1). Let g(q) = -3*q. Let f be g(-3). Calculate the greatest common divisor of j and f.
3
Let k(x) = 685*x**2 + 4*x + 3. Let w be k(-1). Let i be 10/3*1350/125. Calculate the greatest common divisor of w and i.
36
Let a = -3004 + 3274. What is the highest common factor of a and 150?
30
Suppose -7*h = 4*h - 561. Let m = -13 + h. Let i = m - 26. Calculate the greatest common factor of i and 96.
12
Let u = -1875 - -1915. What is the greatest common factor of u and 190?
10
Suppose -5*r + 13 = -162. Suppose 735*u - 730*u = 10. Let f be (-9102)/(-1850) + u/25. What is the highest common divisor of f and r?
5
Let a = 39 - 24. Let c = a - 13. Suppose c*q + 1 = -3*f + 2, 2*q + 20 = 4*f. Calculate the greatest common divisor of f and 15.
3
Let u = 70 + -70. Suppose -2*a = a + s - 131, u = -5*a + 4*s + 224. Let p = a - 14. What is the greatest common divisor of 75 and p?
15
Let b = 201 - -379. Suppose -4*g - b = -1168. Calculate the highest common divisor of g and 49.
49
Suppose -2*o + 184 = -56. Let m = 114424 + -114334. What is the greatest common factor of o and m?
30
Let p be 1 - -2*((-2577)/(-18) + (-2)/(-6)). Calculate the highest common factor of p and 144.
144
Suppose 0 = 12*h + 15897 - 20961. What is the greatest common divisor of h and 12?
2
Let v = 21 - 19. Let c be (-5)/10 - (0 - 15/v). Calculate the greatest common factor of 7 and c.
7
Suppose 2 = 5*q - 358. Let w = 9849 - 2514. Let k be w/405 + (-1)/9. Calculate the greatest common divisor of k and q.
18
Suppose -48*p + 55*p - 462 = 0. Let z(g) = -p*g**2 + 6 - 5*g + 129*g**2 - 64*g**2. Let r be z(0). What is the greatest common divisor of 30 and r?
6
Suppose -15 = u - 2*u + 2*h, -12 = -3*h. Suppose -r - 542 = -4*l, 27*l = u*l - 2*r + 536. What is the greatest common divisor of l and 45?
45
Suppose -s - 3*s - 3678 = -2*u, -4*s = -3*u + 3683. Let l = s - -935. What is the highest common factor of 189 and l?
9
Let b = 5 + -9. Let n(p) = -8*p - p**2 - 2*p**3 + 5*p - p + 9*p - 1. Let q be n(b). Calculate the greatest common divisor of q and 13.
13
Suppose -11*k = -14 - 19. Suppose -5*m - 493 = r - 2967, 2*r + 1474 = k*m. Calculate the highest common factor of 26 and m.
26
Let p be (19/(-3))/(3/(-9)) - 4. Let y(h) = 10*h**3 - 5*h**2. Let g be y(2). What is the greatest common divisor of p and g?
15
Let c(q) = 3*q + 3. Let x be c(7). Let h = 5 + -5. Suppose h = w - 6 - 30. What is the highest common factor of w and x?
12
Let y be 0 + 33/((-165)/(-70)). What is the greatest common factor of y and 1897?
7
Let z = -29570 - -29836. Calculate the greatest common factor of z and 98.
14
Suppose -5*z = 3*q - 2738, 6*z - 4*z + q - 1094 = 0. What is the greatest common factor of z and 1802?
34
Suppose -v = -d - 3*v + 678, -672 = -d + 4*v. Calculate the greatest common factor of 260 and d.
52
Suppose 0 = 10*w - 232 + 22. Let n be 0/((3 - 1)*2/(-2)). Let o be n + (-42)/8*-4. Calculate the greatest common factor of w and o.
21
Let d = 22524 - 21796. Calculate the highest common divisor of d and 5512.
104
Suppose -2323 = 16*w - 57*w - 519. What is the greatest common divisor of 5478 and w?
22
Let f(x) = -58*x - 218. Let q be f(-4). Let i be (20/q)/((-13)/(-3640)). What is the highest common factor of 48 and i?
16
Let u be (5 - (6 - 0)) + -26. Let x = u - -61. Calculate the highest common divisor of 34 and x.
34
Suppose 4*f + 222 - 2 = 0. Let d = f + 55. Suppose -x + 7 + 21 = d. Calculate the highest common divisor of 168 and x.
28
Let x = -80 - -74. Let w be 596/8 - (-3)/x. Let i = w - 54. What is the highest common factor of i and 12?
4
Suppose -245 = 10*c - 1475. What is the highest common divisor of 3075 and c?
123
Let w be (-1904)/10 - 2/(-5). Let n(h) = -h**2 + 63*h - 718. Let p be n(51). Let g = p - w. What is the greatest common divisor of 21 and g?
21
Let u = -433 - -744. Let q = -308 + u. What is the highest common factor of 8 and q?
1
Let v = 2144 - 1979. Calculate the highest common divisor of 297 and v.
33
Let s(m) = m + 680. Let b be s(94). Calculate the highest common factor of b and 18.
18
Suppose -3*j - 16 = 2*l, -l - 4*j - 31 = -18. Let i be (7/(140/152))/((-1)/l). Calculate the highest common divisor of 1026 and i.
38
Suppose 4*x - 304*u + 308*u = 3460, 2*u = -3*x + 2599. What is the greatest common factor of 158 and x?
79
Suppose 0 = 2*p - 197 + 69. Suppose 7*l - 13*l = -804. Let n = 230 - l. Calculate the highest common divisor of p and n.
32
Let g be (-8 - 4879)*9/(-27). Calculate the highest common divisor of g and 9.
9
Let o be 7/(28/8) + -68. Let s = o + 138. Let q = s - 24. What is the greatest common divisor of 6 and q?
6
Let k(b) = -b**3 - 52*b**2 - 507*b + 28. Let r be k(-39). Calculate the greatest common divisor of 6496 and r.
28
Let u(v) = 82*v**2 - 41*v + 323. Let p be u(8). What is the greatest common divisor of 49 and p?
49
Suppose -c - 230 = -6*c. Let w(d) = 35*d**3 + 10*d**2 - 13*d + 10. Let a be w(3). Let u = a - 546. Calculate the highest common divisor of c and u.
46
Let d = -4244 + 4338. What is the highest common divisor of d and 1034?
94
Suppose 45504 = 33*b + 46*b. Calculate the highest common factor of 117 and b.
9
Suppose 0 = -6*n + 3*n - 4*d + 302, 0 = -4*d + 8. Let c be ((-254)/(-381))/((-4)/(-336)). What is the highest common factor of c and n?
14
Let n = -6815 - -6859. Calculate the highest common factor of n and